r when 170781 is divided by 1076?
773
Calculate the remainder when 51820 is divided by 25685.
450
What is the remainder when 13610061 is divided by 372?
69
What is the remainder when 19783 is divided by 3254?
259
What is the remainder when 37583 is divided by 247?
39
Calculate the remainder when 2093074 is divided by 361.
357
Calculate the remainder when 72747 is divided by 1347.
9
What is the remainder when 88471 is divided by 269?
239
What is the remainder when 4100165 is divided by 136672?
5
Calculate the remainder when 221045 is divided by 72.
5
Calculate the remainder when 49168726 is divided by 29.
9
Calculate the remainder when 17298 is divided by 67.
12
Calculate the remainder when 105515 is divided by 35161.
32
What is the remainder when 914839 is divided by 228687?
91
What is the remainder when 179577 is divided by 89720?
137
What is the remainder when 349200255 is divided by 116400083?
6
Calculate the remainder when 1332008 is divided by 88793.
113
Calculate the remainder when 673417 is divided by 74821.
28
Calculate the remainder when 284530 is divided by 71117.
62
What is the remainder when 15338705 is divided by 58101?
41
Calculate the remainder when 1129647 is divided by 39.
12
Calculate the remainder when 22522953 is divided by 4359.
0
What is the remainder when 21660497 is divided by 100?
97
What is the remainder when 520183 is divided by 3078?
1
What is the remainder when 110800 is divided by 7356?
460
What is the remainder when 316824 is divided by 316643?
181
What is the remainder when 5685911 is divided by 661?
650
Calculate the remainder when 6687704 is divided by 3343594.
516
What is the remainder when 7794494 is divided by 579?
575
What is the remainder when 116598 is divided by 80?
38
What is the remainder when 237024 is divided by 365?
139
Calculate the remainder when 195042 is divided by 2952.
210
What is the remainder when 182040 is divided by 23?
18
What is the remainder when 308247 is divided by 395?
147
Calculate the remainder when 144781 is divided by 10340.
21
Calculate the remainder when 21239 is divided by 445.
324
What is the remainder when 2704191 is divided by 928?
927
Calculate the remainder when 24953358 is divided by 101.
96
What is the remainder when 120494 is divided by 13369?
173
What is the remainder when 92792 is divided by 66?
62
What is the remainder when 1047181 is divided by 1980?
1741
Calculate the remainder when 14879275 is divided by 35.
5
What is the remainder when 77482536 is divided by 65?
1
Calculate the remainder when 9005 is divided by 405.
95
What is the remainder when 974497 is divided by 94?
93
Calculate the remainder when 99509466 is divided by 4.
2
Calculate the remainder when 430993 is divided by 6157.
3
Calculate the remainder when 17361 is divided by 834.
681
Calculate the remainder when 1002477 is divided by 20.
17
Calculate the remainder when 5375299 is divided by 115.
84
What is the remainder when 52057 is divided by 2437?
880
What is the remainder when 821853 is divided by 41091?
33
What is the remainder when 56486260 is divided by 1039?
1025
What is the remainder when 953584 is divided by 847?
709
What is the remainder when 3390 is divided by 984?
438
Calculate the remainder when 23068257 is divided by 61.
9
What is the remainder when 13789646 is divided by 1150?
1146
What is the remainder when 1092951 is divided by 1878?
1833
Calculate the remainder when 9053 is divided by 6262.
2791
What is the remainder when 1787161 is divided by 28825?
11
Calculate the remainder when 7635006 is divided by 14.
8
Calculate the remainder when 654956 is divided by 6242.
5788
Calculate the remainder when 3081 is divided by 1494.
93
What is the remainder when 117386 is divided by 13015?
251
What is the remainder when 1273668246 is divided by 133?
130
What is the remainder when 31908796 is divided by 40?
36
Calculate the remainder when 81823 is divided by 11457.
1624
What is the remainder when 67699 is divided by 20749?
5452
What is the remainder when 203041502 is divided by 26597?
4
Calculate the remainder when 431910 is divided by 215903.
104
What is the remainder when 4888436 is divided by 30?
26
Calculate the remainder when 9078926 is divided by 834.
2
Calculate the remainder when 380003 is divided by 2676.
11
What is the remainder when 47815220 is divided by 104?
76
Calculate the remainder when 4028762 is divided by 797.
724
What is the remainder when 419796 is divided by 579?
21
Calculate the remainder when 5687525 is divided by 61.
7
What is the remainder when 122115 is divided by 1755?
1020
What is the remainder when 76658760 is divided by 82?
76
Calculate the remainder when 955735 is divided by 2281.
2277
Calculate the remainder when 270957 is divided by 327.
201
What is the remainder when 5343345 is divided by 199?
195
Calculate the remainder when 552220 is divided by 110441.
15
Calculate the remainder when 32997 is divided by 539.
118
Calculate the remainder when 66268738 is divided by 1893392.
18
What is the remainder when 7425987 is divided by 34221?
30
Calculate the remainder when 17500138 is divided by 333.
322
Calculate the remainder when 36701737 is divided by 1468066.
87
What is the remainder when 20370839 is divided by 3395138?
11
What is the remainder when 238915757 is divided by 94?
93
Calculate the remainder when 12088949 is divided by 616.
565
What is the remainder when 225394 is divided by 13047?
3595
What is the remainder when 21501895 is divided by 4300368?
55
What is the remainder when 2144995 is divided by 260?
255
What is the remainder when 6636661 is divided by 129?
127
Calculate the remainder when 192964 is divided by 62928.
4180
Calculate the remainder when 71760 is divided by 14310.
210
Calculate the remainder when 20199430 is divided by 1321.
19
Calculate the remainder when 197146 is divided by 155.
141
Calculate the remainder when 244165080 is divided by 2281.
2278
What is the remainder when 5910550 is divided by 147761?
110
What is the remainder when 7426135 is divided by 1472?
1367
What is the remainder when 52756 is divided by 11596?
6372
What is the remainder when 274695 is divided by 1580?
1355
Calculate the remainder when 85677 is divided by 3173.
6
Calculate the remainder when 1200673 is divided by 275.
23
Calculate the remainder when 6867 is divided by 6180.
687
What is the remainder when 875854 is divided by 29?
25
Calculate the remainder when 120193 is divided by 754.
307
Calculate the remainder when 953719 is divided by 3715.
2679
Calculate the remainder when 20448 is divided by 314.
38
Calculate the remainder when 1023038 is divided by 616.
478
Calculate the remainder when 2981487 is divided by 561.
333
What is the remainder when 1169894 is divided by 3889?
3194
What is the remainder when 6829525 is divided by 175116?
1
Calculate the remainder when 35137636 is divided by 30931.
20
What is the remainder when 684474 is divided by 101?
98
What is the remainder when 84241 is divided by 13946?
565
Calculate the remainder when 4904861 is divided by 83133.
14
What is the remainder when 52131822 is divided by 3345?
3342
Calculate the remainder when 3284091 is divided by 1544.
3
What is the remainder when 62614377 is divided by 23?
5
Calculate the remainder when 1884274 is divided by 2399.
1059
What is the remainder when 103605 is divided by 3054?
2823
Calculate the remainder when 349809 is divided by 86477.
3901
Calculate the remainder when 3557757 is divided by 1307.
103
Calculate the remainder when 386095 is divided by 385947.
148
What is the remainder when 42764187 is divided by 31?
28
Calculate the remainder when 121285286 is divided by 735.
731
Calculate the remainder when 384070 is divided by 263.
90
What is the remainder when 1569820 is divided by 54125?
195
What is the remainder when 428523 is divided by 23?
10
What is the remainder when 5727416 is divided by 3542?
2
Calculate the remainder when 3875108 is divided by 11.
6
What is the remainder when 227597 is divided by 327?
5
What is the remainder when 137734 is divided by 32063?
9482
Calculate the remainder when 3744174 is divided by 197061.
15
What is the remainder when 6785627 is divided by 3032?
11
Calculate the remainder when 310879125 is divided by 206.
199
Calculate the remainder whe